{"id":27,"date":"2026-01-07T11:03:58","date_gmt":"2026-01-07T10:03:58","guid":{"rendered":"https:\/\/ime.landtechnik.info\/brotbackofen\/?post_type=product&#038;p=27"},"modified":"2026-04-13T11:10:59","modified_gmt":"2026-04-13T09:10:59","slug":"ime-brotbackofen-ino-2000-6","status":"publish","type":"product","link":"https:\/\/ime.landtechnik.info\/brotbackofen\/produkt\/ime-brotbackofen-ino-2000-6\/","title":{"rendered":"IME Brotbackofen INO 2000\/6"},"content":{"rendered":"<p>F\u00fcr die ganz gro\u00dfe Familie oder bereits f\u00fcrs Direktvermarkten. Bei steigendem Bedarf sp\u00e4ter einfach eine Etage \u00a0draufsetzen.<\/p>\n<p>Backfl\u00e4che f\u00fcr 6 gro\u00dfe Laibe, das ergibt ca. 20 kg Brot pro Backgang und Etage. Genug um die Anschaffungskosten schnell eingespielt zu haben. Der INO 2000\/6 ist das meistverkaufte Modell der Serie.<\/p>\n<p>Der Backraum ist vollst\u00e4ndig mit\u00a0<b>hochwertiger Schamotte<\/b>\u00a0ausgekleidet und verf\u00fcgt \u00fcber eine\u00a0\u00a0<b>Innenbeleuchtung<\/b>. Die\u00a0<b>3-fach Thermoverglasung<\/b>\u00a0und das Geh\u00e4use aus hochwertigem Email und Edelstahl garantieren Langlebigkeit und beste Energieausnutzung.<\/p>\n<ul>\n<li>Vollschamottierung mit integrierter IME Heiztechnik<\/li>\n<li>Vernat Isolierung<\/li>\n<li>3-fache T\u00fcrverglasung<\/li>\n<li>Backbleche einschiebbar<\/li>\n<li>zuschaltbarer Hitzeverteiler<\/li>\n<li>Temperatur bis 300\u00b0 C<\/li>\n<\/ul>\n","protected":false},"excerpt":{"rendered":"<p>Der Direktvermarkter<\/p>\n","protected":false},"featured_media":112,"comment_status":"closed","ping_status":"closed","template":"","meta":[],"product_brand":[],"product_cat":[71,73],"product_tag":[],"class_list":{"0":"post-27","1":"product","2":"type-product","3":"status-publish","4":"has-post-thumbnail","6":"product_cat-ime-brotbackoefen","7":"product_cat-ino-2000","9":"first","10":"instock","11":"taxable","12":"shipping-taxable","13":"purchasable","14":"product-type-simple"},"_links":{"self":[{"href":"https:\/\/ime.landtechnik.info\/brotbackofen\/wp-json\/wp\/v2\/product\/27","targetHints":{"allow":["GET"]}}],"collection":[{"href":"https:\/\/ime.landtechnik.info\/brotbackofen\/wp-json\/wp\/v2\/product"}],"about":[{"href":"https:\/\/ime.landtechnik.info\/brotbackofen\/wp-json\/wp\/v2\/types\/product"}],"replies":[{"embeddable":true,"href":"https:\/\/ime.landtechnik.info\/brotbackofen\/wp-json\/wp\/v2\/comments?post=27"}],"wp:featuredmedia":[{"embeddable":true,"href":"https:\/\/ime.landtechnik.info\/brotbackofen\/wp-json\/wp\/v2\/media\/112"}],"wp:attachment":[{"href":"https:\/\/ime.landtechnik.info\/brotbackofen\/wp-json\/wp\/v2\/media?parent=27"}],"wp:term":[{"taxonomy":"product_brand","embeddable":true,"href":"https:\/\/ime.landtechnik.info\/brotbackofen\/wp-json\/wp\/v2\/product_brand?post=27"},{"taxonomy":"product_cat","embeddable":true,"href":"https:\/\/ime.landtechnik.info\/brotbackofen\/wp-json\/wp\/v2\/product_cat?post=27"},{"taxonomy":"product_tag","embeddable":true,"href":"https:\/\/ime.landtechnik.info\/brotbackofen\/wp-json\/wp\/v2\/product_tag?post=27"}],"curies":[{"name":"wp","href":"https:\/\/api.w.org\/{rel}","templated":true}]}}